visor of v and a.
4
Let h be ((-5)/(-5))/1 + 6 - 5. Calculate the highest common divisor of 6 and h.
2
Let b be -223 + 210 + -1 + 26 + 0. Suppose -2*q = -6*q - 576. Let d = 276 + q. What is the greatest common factor of d and b?
12
Let d be (14 + 4)*(1 - 3). Let o = -26 - d. Suppose -5*m + 20 = -o. Calculate the greatest common divisor of 24 and m.
6
Let b be 18/63*(-14)/(-2). Suppose 4*r + 3*k + b*k - 69 = 0, -5 = -k. Calculate the greatest common divisor of r and 55.
11
Suppose -31*i + 114 = -25*i. Suppose 0 = 7*o - 6*o - 1. Let l(m) = 38*m. Let a be l(o). What is the highest common factor of a and i?
19
Let o be (-1)/((-9)/27*6/76). Let w = o - 5. Let g be ((-24)/(-20))/(2/110). Calculate the greatest common divisor of g and w.
33
Let h(d) = 17*d - 2. Let n(o) = -8*o + 1. Let k(u) = 2*h(u) + 5*n(u). Let v be k(6). Let y be 4/(-14) - 430/v. What is the greatest common factor of 132 and y?
12
Let p = 12 + 0. Suppose 15*h - 141 = p*h. Calculate the highest common factor of 329 and h.
47
Let d be (-3 - (-69)/12)*108. Calculate the highest common factor of d and 66.
33
Let t be (27/18)/(6/184). Calculate the highest common factor of t and 92.
46
Suppose 4*w - 436 = -4*f, 2*f = w - 0*w + 221. Suppose -2*z + 7*z = -f. Let y be (1 + 1)/((-4)/z). Calculate the greatest common factor of 88 and y.
11
Let u be 1 + -3 - 1 - -8. Let j be 60 + -3 + u + -2. Suppose -5*g = -2*g - j. What is the highest common factor of g and 5?
5
Let x be 1*11*175/7. Suppose -x = 23*i - 28*i. Suppose 2*w - 3*s = 58 - 5, s + 113 = 5*w. Calculate the highest common factor of w and i.
11
Suppose -4*o + 134 = -2*i, -14 = -i - 15. Calculate the greatest common divisor of o and 55.
11
Suppose 78 + 2 = 4*d. What is the highest common divisor of 4 and d?
4
Suppose -3*w + 30 = -9. Let u = w - 9. Let s = -1 + u. What is the highest common factor of 2 and s?
1
Let r be 920/14 - (-2)/7. Let f be 15 - 10 - 3/1. Let h = 8 - f. What is the greatest common factor of r and h?
6
Let o = 65 - 117. Let s be (-8)/o + (-1038)/(-13). Calculate the highest common divisor of s and 20.
20
Suppose -270 = -17*o + 8*o. What is the highest common factor of 40 and o?
10
Suppose -24 = -2*f + 4*j, -3*j + 9 = f + 2*f. Let g be (4 - (-171)/6)/(3/f). Calculate the highest common divisor of g and 39.
13
Let h(a) = 3*a**2 - 11*a + 8. Let u be h(4). Let v(z) = z. Let p be v(-3). Let m be -10*(p - (-1 + 1)). What is the highest common divisor of u and m?
6
Let s = 460 + -217. Calculate the highest common factor of s and 54.
27
Let u = -199 - -218. What is the highest common divisor of u and 152?
19
Let q = 30 - 60. Let y be q*(-2 + (0 - -1)). Suppose -w - 101 + 341 = 0. What is the highest common divisor of y and w?
30
Let n = -174 - -290. Suppose 0 = -5*b + 51 + 94. Calculate the greatest common divisor of b and n.
29
Let i = -10 - -13. Suppose 12 = i*a + a. Let m = -54 - -75. What is the greatest common divisor of a and m?
3
Suppose -4 = -2*s + 2. Suppose 8*p - o - 40 = s*p, -4*p - o = -23. What is the highest common divisor of 1 and p?
1
Let s be 11 + 780/(-70) + 128/14. Calculate the highest common divisor of 261 and s.
9
Suppose 5*z + 363 - 31 = 4*g, 3*g - 244 = 5*z. Calculate the greatest common divisor of g and 22.
22
Suppose -5*r = -2*n + 137, 397 = 4*n + 4*r + 53. What is the greatest common divisor of 3 and n?
3
Let t = 44 + -89. Let i = 51 + t. Calculate the greatest common factor of i and 42.
6
Suppose -l + 6*l + 4*d = 514, 4*d - 4 = 0. Let a = 161 + -93. What is the highest common divisor of a and l?
34
Let n(c) = c**3 + 8*c**2 + 8*c + 11. Let u be n(-7). Let o be 6/9 - u/(-3). What is the greatest common divisor of o and 6?
2
Suppose -1129 - 1463 = -48*d. Calculate the highest common factor of 78 and d.
6
Let k(m) be the first derivative of 2*m**2 - m - 12. Let l be k(5). Suppose 31 = -h + 240. What is the highest common factor of l and h?
19
Suppose 7*v = 138 - 47. Let s = -3 + v. What is the highest common factor of 90 and s?
10
Let f = 11 - 7. Suppose 7*z - 11*z + 16 = 0. Let j be (1 + 0)/(z/48). What is the greatest common divisor of f and j?
4
Suppose 2*c = 2*o - 46, 4*c + 10 = 6*c. What is the highest common factor of o and 91?
7
Suppose -g + 35 = 3*x, -2*g + 2*x + 2*x = -40. Calculate the greatest common factor of 26 and g.
26
Let i(d) = -38*d - 52. Let n be i(-4). What is the highest common factor of 40 and n?
20
Let p be (-10 + -1)*(-10 + 6). Suppose -n = -11 + 2. Let k be ((-330)/n)/(1/(-3)). Calculate the highest common divisor of p and k.
22
Suppose -5*n - 70 = -2*a, -n = -4*a - 6*n + 140. Let s be ((-5)/(-1))/((-80)/(-5040)). What is the highest common factor of s and a?
35
Suppose -4*y = y + 15. Let f be 484/8 + 1 + y/(-2). What is the highest common divisor of f and 18?
9
Let l = -128 - -52. Let j be (-8)/l - 1060/(-38). Let c = -16 + j. Calculate the greatest common divisor of 60 and c.
12
Let w(f) = 2*f**2 + 3*f. Let h be w(-3). Let p(m) = -3*m**2 + 5*m. Let g be p(2). Let q be (4 - g)/(3 - 2). Calculate the highest common divisor of h and q.
3
Let m = 140 + -109. Calculate the highest common factor of m and 31.
31
Let o = -777 - -927. Calculate the greatest common divisor of o and 720.
30
Suppose 4*t = 2*i - 32, 11*i = 7*i - 3*t + 42. Suppose 2*v - 28 = 8. What is the highest common divisor of i and v?
6
Let h(v) = -v**3 - 2*v**2 - v + 51. Let w be h(0). Calculate the greatest common factor of 34 and w.
17
Let d(a) = -7*a**2 + 9*a**3 + 2*a - 5*a**3 - 5*a**3 - 17*a - 12. Let p be d(-5). Calculate the greatest common divisor of 1 and p.
1
Let l = -75 - -105. Let a = 18 + l. What is the greatest common factor of a and 36?
12
Let b be (-165)/(-9) + (-6)/18. Let q(v) = v**3 - 11*v**2 + 13*v + 1. Let n be q(9). Let c = n - -53. Calculate the highest common divisor of b and c.
9
Let p = 38 + -60. Let c be (77/p)/(2/(-8)). Calculate the greatest common factor of 154 and c.
14
Suppose -3*u - 21 = -2*d, u = 6 - 3. What is the highest common factor of 15 and d?
15
Let a be 130/13 - (-1)/(-1). Let q be (4/10)/(a/315). What is the greatest common factor of q and 14?
14
Let l = -206 + 231. What is the highest common factor of 75 and l?
25
Let x = -690 - -962. What is the greatest common factor of 32 and x?
16
Let p(j) = j**3 + 30*j**2 + j + 78. Let r be p(-30). What is the highest common factor of r and 18?
6
Let a = 1692 + -1640. Suppose 5*d = 22 + 43. Calculate the highest common factor of d and a.
13
Let q = -2 + 18. Suppose 5*t = -2*z + 17, -31 + 18 = -z - t. What is the greatest common divisor of q and z?
16
Suppose 5*z - z + 2*h - 202 = 0, -3*z = -3*h - 147. What is the highest common divisor of 400 and z?
50
Let n be 2/((-35)/(-15) - 2). Let z = -27 - -36. Calculate the highest common divisor of n and z.
3
Let n be (-1*16)/4*21/(-6). Let l(b) = -2*b - 4. Let h be l(-6). Let x = n - h. What is the greatest common factor of x and 3?
3
Let g = -96 - -103. Let c be (-4)/5*(-44 - -4). Let x be c/(-6)*21/(-2). Calculate the greatest common factor of x and g.
7
Let l be 282/22 + (-36)/(-198). Suppose 4 = 3*q - 2. Suppose 156 = c + q*c. Calculate the highest common factor of c and l.
13
Let i = 162 - 74. Suppose 97*f - 101*f + i = 0. Calculate the greatest common divisor of f and 242.
22
Let y(j) = -j**3 - 7*j**2 - 6*j + 2. Let k be y(-7). Let p = -5 + 25. Let g = -9 + p. What is the greatest common divisor of g and k?
11
Let w be 71*(-2)/((-4)/(-6)). Let d = -117 - w. What is the highest common divisor of d and 12?
12
Let c(q) = -2*q + 1. Let l = 5 + -6. Let y be c(l). Suppose y*g + 6 = 5*g. Calculate the greatest common factor of 1 and g.
1
Let q(y) = y**2 + 3*y - 7. Let x be q(-8). Suppose -4*t = -8, -2*t + 73 + x = 2*l. Let f = l + -36. Calculate the highest common factor of 135 and f.
15
Suppose -4*q + 324 = 4*l, 334 = 3*q - 5*l + 115. Suppose -5*x - 4*z = z - 125, -4*x - 5*z = -99. Calculate the highest common divisor of x and q.
26
Let o(j) = 3*j + 12. Suppose 10*q - 3*q + 3*q = 0. Let y be o(q). Calculate the highest common factor of y and 6.
6
Let b = 4 - 12. Let r be 2 + 13 + b/2. Suppose 15*z - 400 = r*z. What is the highest common divisor of z and 20?
20
Suppose 4*o + 16 = -5*b + 6*b, -3 = -o. Calculate the highest common divisor of 52 and b.
4
Let f = -199 - -206. What is the gr